{"id":64,"date":"2026-02-12T07:08:36","date_gmt":"2026-02-12T07:08:36","guid":{"rendered":"https:\/\/kiac.lv\/?page_id=64"},"modified":"2026-02-12T07:08:36","modified_gmt":"2026-02-12T07:08:36","slug":"gada-parskati","status":"publish","type":"page","link":"https:\/\/kiac.lv\/?page_id=64","title":{"rendered":"Gada p\u0101rskati"},"content":{"rendered":"\n<p><\/p>\n\n\n\n<p class=\"has-heading-font-family\">2025 &#8211; <a href=\"http:\/\/kiac.lv\/wp-content\/uploads\/2026\/02\/gadaParskats-viss.pdf\" data-type=\"link\" data-id=\"http:\/\/kiac.lv\/wp-content\/uploads\/2026\/02\/gadaParskats-viss.pdf\">atv\u0113rt PDF form\u0101t\u0101<\/a><\/p>\n\n\n\n<p><\/p>\n","protected":false},"excerpt":{"rendered":"<p>2025 &#8211; atv\u0113rt PDF form\u0101t\u0101<\/p>\n","protected":false},"author":1,"featured_media":0,"parent":0,"menu_order":0,"comment_status":"closed","ping_status":"closed","template":"","meta":{"footnotes":""},"class_list":["post-64","page","type-page","status-publish","hentry"],"_links":{"self":[{"href":"https:\/\/kiac.lv\/index.php?rest_route=\/wp\/v2\/pages\/64","targetHints":{"allow":["GET"]}}],"collection":[{"href":"https:\/\/kiac.lv\/index.php?rest_route=\/wp\/v2\/pages"}],"about":[{"href":"https:\/\/kiac.lv\/index.php?rest_route=\/wp\/v2\/types\/page"}],"author":[{"embeddable":true,"href":"https:\/\/kiac.lv\/index.php?rest_route=\/wp\/v2\/users\/1"}],"replies":[{"embeddable":true,"href":"https:\/\/kiac.lv\/index.php?rest_route=%2Fwp%2Fv2%2Fcomments&post=64"}],"version-history":[{"count":1,"href":"https:\/\/kiac.lv\/index.php?rest_route=\/wp\/v2\/pages\/64\/revisions"}],"predecessor-version":[{"id":65,"href":"https:\/\/kiac.lv\/index.php?rest_route=\/wp\/v2\/pages\/64\/revisions\/65"}],"wp:attachment":[{"href":"https:\/\/kiac.lv\/index.php?rest_route=%2Fwp%2Fv2%2Fmedia&parent=64"}],"curies":[{"name":"wp","href":"https:\/\/api.w.org\/{rel}","templated":true}]}}